at is the thousands digit of g?
3
Suppose 35 = -b + 42, -o - 2*b = -44601. What is the units digit of o?
7
Suppose 4*h + 7 - 15 = 0. Suppose -2*s - 5 = p - 0, -3*s = h*p + 5. Suppose 0 = -i - p*y + 169, 7 + 1 = -2*y. What is the hundreds digit of i?
1
Let o = 904 + 127. Let v = o - 563. What is the units digit of v?
8
Suppose 5*l - 2*l - 3 = 0. Let c be (-3)/(-10) + (-4623)/2010. What is the tens digit of l/((10/(-485))/c)?
9
Let w(n) = 5*n**2 + 50*n - 1761. What is the hundreds digit of w(56)?
7
Let c = 37970 + -20487. What is the units digit of c?
3
Let l = 34 + -572. Let t = l + 861. What is the hundreds digit of t?
3
Let d = -335 - -305. What is the units digit of (888/(-20))/(d/375)?
5
Let f = 121 - 122. Let r(v) = 372*v**2 - 3*v. What is the units digit of r(f)?
5
Suppose 5*j - 2*b = 328, -8*j + 10*j - 129 = 3*b. Suppose 0 = 13*y - j*y + 27030. What is the tens digit of y?
1
Let n be -2 - (2 - 1)/((-3)/12). Let i be (-248)/(10/n + -7). Suppose 0*c = c - i. What is the units digit of c?
4
Let d = -8206 + 19782. What is the tens digit of d?
7
Let l(c) = 10*c**2 - 21*c - 1643. What is the tens digit of l(-40)?
9
Suppose l - v - 11 = -0, -2*l = -5*v - 22. Suppose -l*h - 158 = -12*h. What is the units digit of h?
8
Suppose 0 = 13*j - 572 - 91. Suppose 38*g = j*g - 23296. What is the units digit of g?
2
Suppose -5*b - 5*g = 0, -6*b - 4*g = -b. Let j be b - (-8)/(-6)*-3. Suppose 5*m + 0*m - 3*z = 208, -159 = -j*m - 5*z. What is the tens digit of m?
4
Let v(p) = p - 8. Let j be v(12). Suppose -j*x + 56 = -2*r - 2*x, 0 = -5*r - 4*x - 185. Let c = r - -83. What is the tens digit of c?
5
Suppose 9*h = 262 - 208. Suppose -8411 - 3193 = -h*q. What is the thousands digit of q?
1
Suppose -2*j = m - 5*j - 3, -2*m + 4*j = -8. Let i be 3/9*-1 + 20/m. Suppose i*u + 264 = 5*u. What is the units digit of u?
2
Let m(g) = 110*g - 43. Suppose -121 + 100 = -3*l. What is the tens digit of m(l)?
2
Let l = 1294 + -859. Let q = -210 + l. What is the hundreds digit of q?
2
Let y(h) = -10*h + 22. Let t be y(-11). Suppose -9*o - 3*o + t = 0. Suppose 498 = o*d - 5*d. What is the units digit of d?
3
Suppose 15*m - 10*m + 4*b = -2179, m + 5*b = -419. Let g = m + 808. What is the units digit of g?
9
What is the tens digit of ((-16)/((-288)/(-882)))/(3 - (-355)/(-118))?
8
Suppose 0 = -59*c + 55*c + 5*a + 23427, a + 11715 = 2*c. Suppose 8 = -6*k + 8*k, -3*l + k + c = 0. What is the thousands digit of l?
1
Let a(s) = -s**3 + 19*s**2 + 23*s + 3. Let h = -481 - -501. What is the units digit of a(h)?
3
Suppose 7*r - 4694 = 5897. Suppose -r = -3*u + 2*d + 468, -3*u - 2*d = -1973. What is the hundreds digit of u?
6
Let q(p) = -12 + 190*p - 182*p - p**2 + 7*p**2. What is the units digit of q(-8)?
8
Let j = 159 - 157. Suppose 2*k = -3*k - 3*f + 975, -k + 202 = j*f. What is the hundreds digit of k?
1
Suppose 1 = -3*x + 4*p + 31, -9 = 3*p. Let n(i) = x + 16 + 20*i - 7*i + 4*i**2. What is the tens digit of n(-8)?
7
Suppose -7*c = -197 - 125. Let h = -44 + c. What is the units digit of ((-4)/(-12))/(0 + h/444)?
4
Let i = 19386 + -13221. What is the tens digit of i?
6
Suppose 31 = 7*n - 81. Let v = -40 - n. Let q = v + 81. What is the units digit of q?
5
Let p(a) = 6*a - a**2 + 3*a + 33 + 29*a - 12*a. What is the tens digit of p(15)?
9
Let f(o) = -o**3 + 14*o**2 - 6*o - 110. What is the units digit of f(-16)?
6
Let t(y) = -3253*y + 1140. What is the thousands digit of t(-21)?
9
Let c(h) = h**2 - 3*h - 26. Let p be c(8). Suppose p*d - 757 = 1497. What is the tens digit of d?
6
Suppose 3*s - 3*g - 2*g - 47 = 0, 3*s - 4*g = 46. What is the tens digit of (24/s)/(4/1204) - 1?
1
What is the tens digit of 6/20 + (-3 + 2 - 437335/(-50))?
4
Let m = -408 + 390. What is the tens digit of (-108)/m + -4 + 1464 + -1?
6
Suppose -4*d + 14 = -2*k, -5*d + 0 + 15 = -2*k. Let b(t) be the third derivative of -3*t**4/4 + 13*t**3/6 + t**2. What is the tens digit of b(k)?
0
Let s(m) = 70*m + 94*m + 78 - 77*m. What is the tens digit of s(2)?
5
Let s(z) = -z**3 + 3*z**2 + 9*z - 3. Let j be (-8)/(-16) + 206/4. Let c = j - 48. What is the tens digit of s(c)?
1
Suppose 136*w = 130*w + 16668. Suppose -2*o + 3*r = -1862, 14*o - 11*o = -3*r + w. What is the tens digit of o?
2
What is the units digit of -4 - (-15 + 5) - (-22 + -1477)?
5
Suppose 4*g - 5*p - 16 = 0, -p - 16 = -5*g + 4. Suppose -7*y + 5*y - 2030 = -g*m, -20 = 4*y. What is the hundreds digit of m?
5
Suppose 49*w - 53*w = -5*i - 49077, 0 = -4*i - 4. What is the thousands digit of w?
2
Let u = 138 - -246. What is the hundreds digit of u?
3
Let b = 189214 - 129813. What is the tens digit of b?
0
Let y = -11370 + 16677. What is the tens digit of y?
0
Let n = 14747 - 5350. What is the units digit of n?
7
Let b(l) = l**2 + 47*l + 41. Let j be b(16). Let g = j + -408. What is the hundreds digit of g?
6
Let c(o) = -o**3 + 23*o**2 - 3*o + 1. Let n(w) = 2*w - 1. Let y(m) = c(m) - 5*n(m). What is the tens digit of y(20)?
4
Let v(o) = -45*o**2 + 14 + 53*o**2 - 26*o - 9*o**2. Suppose -57 = 3*y - 0. What is the units digit of v(y)?
7
Let y(q) = -6*q - 52. Let p be y(-9). Suppose -698 = -2*n - 4*x, 2*x = p*n - 0*x - 668. What is the units digit of n?
9
Suppose -23*i + 5*w = -19*i - 3684, -3700 = -4*i + w. Let v = i - 162. What is the hundreds digit of v?
7
Let c(b) = 12*b + 5*b - 1 - b**2 - 5. Let m(a) = -4*a - 117. Let i be m(-31). What is the units digit of c(i)?
4
Let p = 3426 + -1874. Suppose 1158 = 3*n - 4*a + 7*a, 0 = 4*n - 4*a - p. What is the tens digit of n?
8
Let t(m) be the second derivative of -7*m**4/12 - 47*m**3/3 + m**2/2 + 3*m + 8. What is the hundreds digit of t(-12)?
1
Let m = -6163 + 8971. What is the hundreds digit of m?
8
Let h be (2/(-8))/((-1)/12). Let d be 2/6 - 34/h. Let s(a) = -4*a + 20. What is the units digit of s(d)?
4
Let l = 1557 + -1515. What is the units digit of l?
2
Let i(u) = 4*u + 2*u**2 + 0*u**2 - 10*u + 6. Let h be (0 + 2)/(((-50)/(-300))/((-2)/(-8))). What is the units digit of i(h)?
6
Let q(u) be the second derivative of 25*u**3/3 - 103*u**2/2 + 19*u - 3. What is the units digit of q(9)?
7
Let o(y) = 39*y**2 - 12*y - 16*y**2 - 47 + 0*y**3 - y**3 + 0*y. What is the units digit of o(22)?
3
Let s(t) be the second derivative of t**5/20 - 2*t**4/3 + 7*t**3/6 - 3*t**2 - 2*t. Let j be s(9). Let a = -68 + j. What is the units digit of a?
0
Let z = -6476 + 9122. What is the thousands digit of z?
2
Suppose -5*t = 2*z - 7, z + 1 + 3 = 5*t. Suppose 3*g - t = 2*g. What is the tens digit of 2/g*414/4?
0
Let b(l) = -4*l - 9. Let n be b(-3). Suppose n*v + 3*t - 2*t = 3256, -t = -1. What is the hundreds digit of v?
0
Suppose -4*s + 31476 = -3*t - 67663, -5*t + 24779 = s. What is the hundreds digit of s?
7
Let d be 0 + 19 - 116/(-29). Suppose -r - d = -5*f, -4*f - 8*r + 1 = -3*r. Suppose -z + 5*m = -80, -f*z + 273 + 104 = -m. What is the units digit of z?
5
What is the thousands digit of 32/(-6)*180/320*-7652?
2
Let h(t) = 2*t**3 - 2*t**2 + 5*t + 14. Let s(b) = -b**2 - 8*b - 16. Let x be s(-11). Let f = x + 54. What is the units digit of h(f)?
9
Let k(a) = -59*a**3 + a**2 + a + 8. Suppose -2*y - 3*o - 40 = -21, 5*y = 3*o + 5. What is the hundreds digit of k(y)?
4
Let y(f) = -f**3 - 7*f**2 + 7*f + 1. Let q be 48/(-4) + 6/2. What is the units digit of y(q)?
0
Let v be -3 + -4*5/(-10)*-16. Let z = 523 - v. What is the units digit of z?
8
Let j(m) = 12*m**2 + 11*m - 18. Let i(d) = d**2 - 2. Let a(f) = -5*i(f) + j(f). What is the tens digit of a(7)?
1
Let b(m) = m**2 + m - 8. Let y be b(3). Suppose -14 = y*j - 34. Suppose j*k = -0*k + 95. What is the units digit of k?
9
Suppose 0 = -175*w + 157*w + 25884. What is the thousands digit of w?
1
Suppose 0 = 10*g - 8*g - 28. What is the units digit of 4722/g + (260/(-70))/13?
7
Suppose -82*m - 204950 = -24523 - 1272749. What is the tens digit of m?
2
Let a(l) = -664*l - 1365. What is the tens digit of a(-33)?
4
Let f = 29 - 32. Let o be ((-33)/(-66))/(9/(-4) + 2). What is the units digit of (-43 - (o - -2))*f?
9
Suppose 87*b - 230210 - 20872 = 0. What is the units digit of b?
6
Suppose 62 - 71 = -3*p. Suppose 2*m + 2*r = 666, 463 = 5*m + p*r - 1194. Suppose m = -5*h + 1219. What is the tens digit of h?
7
Let h be 0 + (2 - -1) - (1 + -1). Suppose 0 = h*j + 3*g - 258, 0 = -5*j + 3*g + 607 - 193. Suppose 4*i